- 81 = -5*m. What are the prime factors of m?
13
Let l = 2 + 4. Let y(u) = -u + 8. Let n be y(l). Suppose -3*f + 9 = -n*f. List the prime factors of f.
3
Suppose -h = -2*j + 4, 5*j - 5*h - 20 = j. Suppose -42 = -j*b + 2*b. Let g = b - -31. List the prime factors of g.
2, 5
Let m = 32 + -15. List the prime factors of m.
17
Let x(p) = 2*p**2 + 2*p + 9. List the prime factors of x(9).
3, 7
Let b(n) = 130*n - 4. What are the prime factors of b(1)?
2, 3, 7
Let b(z) be the second derivative of -z**5/20 - z**4/4 - z**3/3 + z**2 + z. What are the prime factors of b(-2)?
2
Let a(j) = j**3 - j**2 - 8*j + 4. What are the prime factors of a(5)?
2
Let b(z) = -2*z - 6. Let v be b(-5). Suppose -2*p + 28 = 4*y, 2*p + p = v*y + 32. What are the prime factors of p?
2, 3
Suppose 0*f + f - 4*h = -8, h = -2*f - 34. Let g = -7 + 1. List the prime factors of g/4*f/3.
2
Suppose 3*s = 5*w + 206, -s - 5*w = -5 - 77. List the prime factors of s.
2, 3
Let f = 36 - 16. What are the prime factors of (0 - (-1 - 0)) + f?
3, 7
Let r(j) = 11*j**3 - 1. Suppose 2*n = 3*k - 13, 4*n = 5*k - 3*k - 22. Let h be r(k). Suppose w = 2*w - h. List the prime factors of w.
2, 5
Let c be (5/3)/((-3)/(-9)). Suppose c*s + 5 - 20 = 0. What are the prime factors of s?
3
Let m(f) = f + 1. Let d(i) be the third derivative of 3*i**4/8 + 4*i**3/3 + i**2. Let w(u) = -5*d(u) + 40*m(u). List the prime factors of w(-1).
5
Let i(q) = 5*q - 9. Let m be i(7). Suppose -60 = 4*y - 9*y. Let j = m - y. What are the prime factors of j?
2, 7
Let k(m) = m + 11. Let v be k(-6). Suppose y - v = 9. Suppose -5*b - y + 39 = 0. What are the prime factors of b?
5
What are the prime factors of ((-698)/(-10) - -1) + 8/40?
71
Let w be -1 + 1 + 7 + -2. Let r = w + 1. List the prime factors of r.
2, 3
Let h(d) be the third derivative of d**6/120 - d**3/3 - d**2. Let b be h(2). Suppose -p - 2*i = -b - 5, -2*p - i = -13. List the prime factors of p.
5
Let t(q) = -q**3 + 5*q**2 + 3*q + 3. Let y be t(5). List the prime factors of (-33)/2*(-12)/y.
11
Let x = 25 - 2. Let z = x + -2. What are the prime factors of (-122)/(-14) - (-6)/z?
3
Suppose -2 + 6 = o, -5*o + 17 = -h. Suppose h*b = b + 38. What are the prime factors of b?
19
Suppose -1 = -5*h + 14. List the prime factors of h/1 + 13/1.
2
Suppose -5*n = -2 - 18. Suppose 8 = 5*m - n*t - 20, m + 2*t = 0. Suppose -o - 39 = -m*o. List the prime factors of o.
13
Let y(h) = -h**3 + 4*h**2 - 4*h + 2. Let d be y(2). Suppose 0*k = -d*k + 8. What are the prime factors of k?
2
Let i(q) = q**3 + 7*q**2 + 3*q - 5. Let r be i(-6). Suppose 0 = k - 2*a - 8, 3*a = 4*k - r + 1. List the prime factors of (-4 + -2)*(k - 2).
2, 3
Let a(u) = -u - 1. Let b be a(-4). Suppose 3*w + 0*o - o = b, -5*w - 3*o + 19 = 0. List the prime factors of w.
2
Let l(w) = 2*w. Suppose f - 18 = 3*f. Let p(i) = -i**3 - 10*i**2 - 9*i + 5. Let k be p(f). What are the prime factors of l(k)?
2, 5
Suppose 3*y = 3*l + 51, 59 = -y + 3*y + 3*l. List the prime factors of y.
2, 11
Let a(b) = 15 + 2*b - 6*b - 16. What are the prime factors of a(-2)?
7
Suppose -o + 30 = -29. What are the prime factors of o?
59
Let s = -4 + 13. What are the prime factors of s?
3
Suppose -2*j - 2 = -10. Let n(p) = p**2 + 3*p - 4. Let h be n(-5). List the prime factors of 30/9*h/j.
5
Let g = -7 + 13. Let a be g*2*(-3)/12. Let f = a + 21. List the prime factors of f.
2, 3
Let m = 29 - 26. What are the prime factors of m?
3
Let q(b) = b + 5. What are the prime factors of q(9)?
2, 7
Suppose -4*g - 3 = 5. Let b be g - 0 - -5*1. Suppose 5*a + 4*h - 35 = 0, -6*h + b*h - 15 = 0. List the prime factors of a.
11
Let w(r) = 9*r**2 - 16*r - 9. What are the prime factors of w(7)?
2, 5
Suppose -4*r + 79 = -77. Let x be (-111)/(-39) - (-6)/r. Suppose -c - 2*z + 17 = 0, 2*c + 2*c - x*z - 35 = 0. List the prime factors of c.
11
Let z(n) = -11*n**2 - 2*n + 1. Let i be z(1). Let a(y) = -y**2 + 4*y - 4. Let l be a(3). Let r = l - i. What are the prime factors of r?
11
Let c(t) = t + 1. Let u = 2 - 2. Suppose -x + 2*y = -4, -4*y = 2*x - u*y. What are the prime factors of c(x)?
3
Suppose -23 + 183 = 5*v. List the prime factors of v.
2
Suppose 3 + 5 = 4*g. Suppose -3*w + 3 = 2*p, 2*w = -g*p + 4*p - 18. List the prime factors of 1/(-2)*p - -14.
11
Let q = -159 - -424. List the prime factors of q.
5, 53
Let z = 37 - -1. What are the prime factors of z?
2, 19
Let w = 4 - 8. Let o(i) = -i**2 - 5*i + 3. List the prime factors of o(w).
7
Let r = -60 - -168. List the prime factors of r.
2, 3
Let x be 15/(-1 + 4) - 0. Suppose x*o - 5 - 5 = 0. Suppose 2*j - 3*n = -2*n + 7, o*n = -2*j + 10. List the prime factors of j.
2
Let n(b) = 21*b + 4. List the prime factors of n(3).
67
Suppose 5*d - 645 = 6*b - 8*b, -1010 = -3*b + d. What are the prime factors of b?
5, 67
Suppose 5*o = 2*o + 99. What are the prime factors of o?
3, 11
Let u = 21 + -13. Suppose u + 2 = f. Suppose -3*b - f = -4*b - 4*s, -2*b = 2*s - 8. What are the prime factors of b?
2
Suppose 6*b = 15*b - 927. What are the prime factors of b?
103
Suppose -4*g + 4*f - 22 = -5*g, 4*g - 3*f = -7. Let h = 20 + g. List the prime factors of h.
2, 11
Let n be (-1)/(-1) - (-4 - -2). Suppose 6 - 18 = -n*z. What are the prime factors of z?
2
Suppose 3*w - 4*k + 5*k + 5 = 0, 3*k + 8 = -2*w. What are the prime factors of (0 - (-14 - w)) + 0?
13
Let s(j) = -j**3 + 6*j**2 + 4*j - 6. Let m be s(6). What are the prime factors of (m/(-4))/((-6)/32)?
2, 3
Let i(t) = t - 5. Let y be i(5). Let g be -2 + y - (-1 + 8). Let x = 17 + g. List the prime factors of x.
2
Suppose -2*t + 32 + 8 = 0. Suppose -t = -u - 0*u. What are the prime factors of u?
2, 5
Suppose k = 4*k - 30. What are the prime factors of k?
2, 5
Let p(r) = -2*r. Let w be p(5). Let k = w + 20. List the prime factors of k.
2, 5
Suppose -12*z + 292 = -8*z. Suppose -3*r + z = -47. What are the prime factors of r?
2, 5
Let a(s) = -s**3 - 2*s**2 + 8*s + 4. Let o be a(-5). Let n = 63 - o. What are the prime factors of n?
2, 3
Suppose -4*k = 2 - 14. List the prime factors of (k/2)/((-15)/(-20)).
2
What are the prime factors of -5 - (-2 + 3 - 46)?
2, 5
Suppose -l + 28 = -3. List the prime factors of l.
31
Suppose -3*z + 57 + 12 = 0. Let t = -4 + 13. Let j = z - t. What are the prime factors of j?
2, 7
Let y(v) = v - 4. Let x be y(6). Suppose 4*h = x*h + 4. What are the prime factors of h/12 + 23/6?
2
Suppose 11 = 3*z - 1. Suppose -z*b + 159 = -41. What are the prime factors of b?
2, 5
What are the prime factors of 79/(3*(-3)/(-18))?
2, 79
Suppose -37 + 149 = 7*k. What are the prime factors of k?
2
Let x(k) = 5*k + 1. Let z be x(-7). Let h = z + 15. Let g = -9 - h. List the prime factors of g.
2, 5
List the prime factors of 6123/(-26)*(-2)/3.
157
Suppose -9 + 3 = 2*u. What are the prime factors of (-2)/((-6)/57) + u?
2
Let h be 10*((-26)/(-4) - 3). Suppose 3*a = 5*d - 152, -3*d + 2*d - 4*a = -h. What are the prime factors of d?
31
Suppose -2 + 3 = r. Let y be ((-18)/(-3))/(r/(-2)). List the prime factors of y/9*(-4 - -1).
2
Suppose -q = 0, -5*r = 2*q - 158 - 52. Suppose -2 = -4*m + r. List the prime factors of m.
11
Suppose 23 = x - 62. List the prime factors of x.
5, 17
Suppose 3*v + 2*v - 10 = 0. Let r be 0/(-4*(-2)/4). Suppose r = v*i + 2*i - 32. List the prime factors of i.
2
Let z(w) = -w**2 + 7*w + 1. Let c be (5 + 0 + 0)/1. Let y(a) = -a**2 + 7*a - 4. Let v be y(c). List the prime factors of z(v).
7
Let f = -4 + 9. Let k(c) = c + 4. Let j be k(-6). Let i = f + j. What are the prime factors of i?
3
Suppose -5*u + f = 2*f + 5, -5*u = -3*f + 25. Let n = 3 - u. Let q = -1 + n. List the prime factors of q.
2
Suppose u + 39 = f, -4*f + 2*u + 3*u + 151 = 0. List the prime factors of f.
2, 11
Let v be (-2 + -1)*(-2)/(-3). What are the prime factors of 13/(-2)*v*1?
13
Suppose 3*u - 168 = 219. What are the prime factors of u?
3, 43
Suppose -7*i + 12*i = 340. List the prime factors of i.
2, 17
Suppose 0 = z - 2*z - o + 46, -2*z = o - 95. What are the prime factors of z?
7
Suppose -5*k = -2*k - 2*d - 27, 45 = 5*k + 3*d. List the prime factors of k.
3
Suppose -10*b + 6*b - 16 = 0. List the prime factors of ((-1)/3)/(b/156).
13
Let a(r) = 6*r**2 + 5*r - 3. What are the prime factors of a(2)?
31
Suppose 3*w - 2*h = -4, -3*h = -4*w - 1 - 6. Suppose 3*q + 2*n = 1, -2*n - w = 5*q + 3. List the prim